 v(5). Suppose -4*u + 8 = -k*o - 2*u, u = -2*o + 7. Let z(b) = 7*b. What is the units digit of z(o)?
7
Suppose 30 = 3*y - 2*q, -5*y = -0*q - 2*q - 46. Suppose -4*n + 7*n + 42 = 3*k, 2*n = -2*k + y. What is the units digit of k?
9
What is the units digit of (-12 - -9)*(-57)/9?
9
Suppose 7*f - 130 = -5*u + 2*f, -2*u + 58 = -f. What is the tens digit of u?
2
Suppose 0 = c - 3*c. Let g = 2 - c. What is the units digit of (g*(-4 + 0))/(-2)?
4
Let c = 182 - 178. What is the units digit of c?
4
Let l(z) = z**3 + 5*z**2 + 4*z + 2. What is the units digit of l(-3)?
8
Let i(w) = w**2 + 4*w + 5. Let m be ((-3)/(-6))/((-1)/(-4)). Suppose -2*l + 2*f = -m, 3*l - 2 = f - 9. What is the units digit of i(l)?
5
Suppose -b = -4*b + 6. Let w = b - -4. Suppose 3*r + s = w, -5*s + 10 = 7*r - 2*r. What is the units digit of r?
2
Let q be 2/((-16)/(-6))*4. Suppose r + q*r - 81 = -3*c, 5*r = 5*c + 110. What is the tens digit of r?
2
Let k(p) = 2*p**2 + 3*p**2 - 2*p + 1 + 0*p**2. Suppose 4 = -4*b + 8*b. What is the units digit of k(b)?
4
Let c be 4/(-14) - (-16)/7. Suppose -2*g = c*g - 20. Let j = 12 - g. What is the units digit of j?
7
Let b(g) = g**2 + 6*g + 6. Let m(w) = 2*w + w**2 - w**2 + w**3 + 4*w**2 + 3. Let y be m(-4). What is the units digit of b(y)?
1
Let w be ((-2)/(-4)*0)/(-2). Suppose w = 5*z - 33 - 32. What is the tens digit of z?
1
Let j be ((-22)/4)/((-2)/4). Let a = j - 0. What is the units digit of a?
1
Let i be 2 + -1 + (-3 - -5). Suppose -2*v = -i*v + 5*a + 33, -5*a + 7 = 4*v. What is the units digit of v?
8
Let k(o) = -2*o. Let t be k(-1). Suppose -5*m = 4*g - 38, -2 = -2*m - t*g + 7*g. Suppose 5*c - m*l = -l + 25, 0 = -5*c - l + 7. What is the units digit of c?
2
Let s(y) = 2*y - 1. Let z(x) = -6*x + 2. Let v(p) = 14*s(p) + 4*z(p). What is the units digit of v(9)?
0
Let u(n) = -n**3 + 3*n**2 + n. What is the units digit of u(-2)?
8
What is the tens digit of 8/12 - 103/(-3)?
3
Suppose 0 = -g + 2*g. Let n be (2 - g) + (-12)/(-2). Let z(t) = -t**3 + 9*t**2 - 7*t - 4. What is the units digit of z(n)?
4
Let i = -3 + 2. Let o be (8/(-4))/(i/11). Suppose -4*r + o = -14. What is the units digit of r?
9
Let q be (-10)/(-15)*(1 - 19). Let n = q + 7. Let z = n + 17. What is the units digit of z?
2
Let f = -20 + 34. Suppose -2*x + g - f = -g, 4*x - 5*g = -33. What is the units digit of -3*((-42)/(-9))/x?
7
Let o = 11 - 5. Suppose 0 = l - o*l. Suppose 5*p = -l*p + 10, g = -2*p + 9. What is the units digit of g?
5
Let m(n) = -n**2 - 5*n - 2. Let a be m(-4). Suppose -z + 14 = -4*z + 5*y, 0 = -3*y + 12. Suppose 2*s = s - 5, -a*s = 2*i + z. What is the units digit of i?
4
Suppose 4*i + 6 = i. What is the units digit of 3*i/(-3 - -1)?
3
Suppose -5*f - c - c = -529, c - 2 = 0. What is the units digit of f?
5
Let i(a) be the third derivative of -2*a**2 - 5/6*a**3 - 1/24*a**4 + 0 + 0*a. What is the units digit of i(-7)?
2
Let m(k) = -10*k - 10. Suppose 15 = -2*z - z. What is the units digit of m(z)?
0
Let o = -28 - -55. What is the tens digit of o?
2
Suppose -4*d - 3*t = -2, -5 = d + 2*t - 3. Let n be ((-8)/d)/(2/(-9)). What is the units digit of 32/n - (-10)/45?
2
Suppose w + g = 40, 3*g + 2*g = 3*w - 96. What is the units digit of w?
7
Let m = 2 - 2. Suppose m*l + 3 = -l. Let x = 1 - l. What is the units digit of x?
4
Let x(w) = -3*w - 2. Let v be x(-2). Suppose v*z + 7 = 3*z. Let o = z + 12. What is the units digit of o?
5
Suppose -534 = -5*l - l. What is the units digit of l?
9
Suppose 2*z - 24 = -5*q + 16, 0 = 4*z + 5*q - 70. What is the tens digit of z?
1
Let y be 3/(2 + (-21)/15). Suppose -2*i - 2*w + 3 = -3*w, -y*w + 29 = i. Suppose 3*z + 2*x = 22, 2*z + x + 10 = i*z. What is the units digit of z?
6
Let g = -13 - -28. Suppose -3*w - 2*z + g = 0, w - z = 4*z + 5. What is the units digit of w?
5
Suppose 3*v = 2*x - 35 - 7, 4*v + 31 = x. What is the units digit of x?
5
Let p be 2/(-3)*15/(-2). Suppose 15 = 4*n - 5*i, 5*n - 20 = -2*i + 7*i. Suppose 3*d - n*c = -19, d + p*c - 33 = -3*d. What is the units digit of d?
2
Suppose s + 4*s = 0. Suppose h - 2 - 21 = s. What is the tens digit of -1 + 1 + h + -1?
2
Suppose -3*n = f - 130, 4*n + 4*f + f - 188 = 0. What is the units digit of n?
2
Let l(d) = d**3 - 7*d**2 + 8*d + 2. Suppose -5*x = q - 2*q + 26, q + x - 2 = 0. What is the units digit of l(q)?
4
Let z = 7 - 5. Let v(k) = -k + 2. Let x be v(z). Suppose -2*l = -x*l - 12. What is the units digit of l?
6
Let t(u) = 0*u**3 + u**3 - u**2 - 5*u + 2 - 3*u**2. Let q be t(5). Suppose 7 = -q*c + 25. What is the units digit of c?
9
Let v(m) be the third derivative of -m**5/10 + m**3/6 + 3*m**2. Let b be v(1). Let n = b - -10. What is the units digit of n?
5
Suppose 0 = 41*q - 48*q + 1113. What is the hundreds digit of q?
1
Let v(l) = -l**3 + 6*l**2 - 6*l + 3. Let u be v(5). Let c(d) = -d + 9. Let p be c(9). What is the units digit of u/(-1) - p/2?
2
Suppose -g - g + 96 = 0. Let z = g - 30. What is the tens digit of z?
1
Suppose -22*h + 237 = -19*h. What is the tens digit of h?
7
Suppose 0 = -4*c + 5 + 11. Suppose -5*r + 21 = -c, 4*f - 69 = 3*r. What is the units digit of f?
1
Let u(o) = o**2. Let t be u(1). What is the units digit of t/(-3) + (-64)/(-12)?
5
Let z(g) = -g**3 - g**2 - 4*g + 158. What is the units digit of z(0)?
8
Suppose 0*g = 4*g. Suppose -2*d = -g*d - 8. Let s = 7 - d. What is the units digit of s?
3
Let k = -3 + 8. Suppose 0 = 2*t - k*q, 0 = -2*t - 3*t - q. Suppose -5*z = -l - 6, l - 15 = -t*l - 2*z. What is the units digit of l?
9
Let o(s) = -5*s**3 - 3*s**2 - 2*s - 2. What is the units digit of o(-2)?
0
Let b = -2 + 52. What is the units digit of b?
0
Suppose 2*f = 7*f - 5, 5*f + 41 = y. Let l(i) = -3*i**2 - i + 2. Let h be l(3). Let a = h + y. What is the units digit of a?
8
Let m be 2 - (-4 + (0 - -1)). Let b be 6/15 - 17/m. What is the units digit of (-3)/18*b*4?
2
Let k(b) = -b**2 - 15*b - 11. Let d be k(-8). Suppose 4*g + d = 5. What is the units digit of ((-1)/(-2))/(g/(-20))?
1
Let r be 1/(1*(-1)/26). Let u be (r/(-3))/(8/60). Suppose 0*f = -5*f + u. What is the units digit of f?
3
Suppose 0 = 5*z + 4*t - 5*t - 72, -3*z + 2*t + 39 = 0. What is the tens digit of ((-92)/(-6))/(10/z)?
2
Suppose -5*o + 0*o - 30 = 2*l, 4*o = 3*l - 1. Let f(c) = c**2 + 6*c + 1. Let a be f(l). What is the units digit of 4 + (3 + a)*-3?
7
Suppose -w + 2*b = -b + 9, 5*w + 5*b = -5. Let o = w - -5. Suppose o*h = -4*x - 10, -9 = -2*h + x + 6. What is the units digit of h?
5
Suppose 6*u - 3*u - 153 = 0. What is the tens digit of u?
5
Suppose -52 = -2*w + x, 5*w - 130 = -3*x - x. What is the tens digit of w?
2
Suppose 2*k + 3*k = -35. Let m(a) = -a**2 - 7*a + 6. What is the units digit of m(k)?
6
Let i(l) = 3*l - 1. Suppose -5*z + 7 = -13. Let t = z - 0. What is the units digit of i(t)?
1
Let a be 12/(-3) - -7*1. Suppose 2*w + a*w = -3*l + 55, 2*w = -2. What is the tens digit of l?
2
Let y = 188 - -118. What is the tens digit of y?
0
Suppose -14*i + 5*i + 288 = 0. What is the tens digit of i?
3
Let x = 40 - 27. Let u(b) = 3*b + 8. What is the tens digit of u(x)?
4
Suppose 127 = 5*k - 23. What is the units digit of k?
0
Let c = -444 - -834. What is the tens digit of c?
9
Suppose 2*u + 4*l = 118, 0*l + l = -4*u + 208. What is the tens digit of u?
5
What is the tens digit of (-6)/10 - 266/(-10)?
2
Let x(u) = u**3 + 13*u**2 - 9. Let z(y) = -6*y**3 - 66*y**2 + y + 44. Let d(h) = 11*x(h) + 2*z(h). What is the tens digit of d(11)?
1
Let k be (-2)/((-1)/(1/2)). Let b(z) = z**2 + z. Let a be b(k). What is the units digit of (a - 3)*(-2 + -4)?
6
Let o be 1*5*(5 + 4). Suppose q + 0*q - a = 9, 5*q - a = o. What is the units digit of q?
9
Let r = 0 - 0. Suppose 0 = 3*z + 2*w, z + 19 = 6*z - 3*w. Let h = z - r. What is the units digit of h?
2
Suppose -4*l = -5*i - 68, 3*l - 2*i - 54 - 4 = 0. What is the units digit of l?
2
Let m = 158 - 83. What is the units digit of m?
5
Suppose 5*a + 0*a - 70 = 0. What is the units digit of a?
4
Suppose 0 = 3*c - 3 - 42. Let l be (8/10)/(3/c). What is the units digit of (l - 2)/(2/5)?
5
What is the tens digit of (4/(-1))/1 + 45?
4
Suppose 7 = 2*y - 1. Suppose -6*f + 28 = -f - y*b, 2*f - 4 = 4*b. What is the units digit of f?
8
Let v(i) = i - 7. Let z be v(9). What is the units digit of z/(-6) - (-112)/12?
9
Suppose -2*t - 5*a = -18, 0*t + 4*a - 36 =